-3?
-44418
In base 2, what is 100100101010111 - 11?
100100101010100
In base 15, what is 0 - -2d79?
2d79
In base 6, what is -1303 - 11523?
-13230
In base 2, what is -1101011011001011 + -11101?
-1101011011101000
In base 9, what is 1531435 + -2?
1531433
In base 13, what is -3747b - -5?
-37476
In base 3, what is -1110220012 - 10?
-1110220022
In base 3, what is 2 - 201010200?
-201010121
In base 8, what is -16124 + -4?
-16130
In base 15, what is -30d1 + 4?
-30cc
In base 16, what is -14d + -11?
-15e
In base 9, what is 1057 - -28?
1086
In base 8, what is -460 - 250?
-730
In base 5, what is 12 + 41333232?
41333244
In base 15, what is -16c - d?
-17a
In base 12, what is -228 - -1018?
9b0
In base 6, what is -15202 + -22?
-15224
In base 2, what is -10011100001000110011 + 10?
-10011100001000110001
In base 14, what is -12 + -2d2d?
-2d41
In base 9, what is -2335 + -152?
-2487
In base 14, what is 3dc7 - -1?
3dc8
In base 8, what is 53 + -14467?
-14414
In base 16, what is -3 - 2dae2?
-2dae5
In base 15, what is 9 - -529e?
52a8
In base 10, what is 18 + -65594?
-65576
In base 14, what is -6d21 + 4?
-6d1b
In base 8, what is 4464 - -7?
4473
In base 11, what is 33 + -4a00?
-4978
In base 13, what is -2 + -195b5?
-195b7
In base 6, what is -100 - 2221255?
-2221355
In base 7, what is 3 - -24456?
24462
In base 13, what is -4 - -2cb8?
2cb4
In base 5, what is 2 + -100444?
-100442
In base 14, what is 12bbd - -5?
12bc4
In base 5, what is 4 + -340434?
-340430
In base 9, what is -6 + -123135?
-123142
In base 16, what is 84 - d4?
-50
In base 5, what is 20012 + -1020?
13442
In base 6, what is 42430412 + 1?
42430413
In base 11, what is -1310510 + 1?
-131050a
In base 2, what is -101100101110 + -110?
-101100110100
In base 3, what is -1221 + 200022?
121101
In base 5, what is 130122 + -11?
130111
In base 6, what is -15 + -15300043?
-15300102
In base 15, what is 7a - 100c?
-e82
In base 15, what is -5 - a81d?
-a823
In base 16, what is 5 + 3d18?
3d1d
In base 9, what is 25 + 5271?
5306
In base 6, what is 3 + -2505055?
-2505052
In base 6, what is 15 + 1522?
1541
In base 5, what is -34 - -14232?
14143
In base 3, what is 10202 + -201002?
-120100
In base 13, what is 65897 + 0?
65897
In base 7, what is 44340 + 4?
44344
In base 2, what is -11111111001110 - -1100?
-11111111000010
In base 6, what is 10 + 353531?
353541
In base 14, what is -185a + -4?
-1860
In base 6, what is -14 - -24342?
24324
In base 14, what is 8a + -733?
-687
In base 16, what is 87a96 - 1?
87a95
In base 12, what is 236 + 2431?
2667
In base 8, what is 2 - -155231?
155233
In base 15, what is -12232 - 30?
-12262
In base 5, what is 140 - 12044?
-11404
In base 4, what is -11 + -3313210?
-3313221
In base 16, what is -34 + -459?
-48d
In base 15, what is 5d47 - -8?
5d50
In base 8, what is -13200 - 747?
-14147
In base 15, what is 26db + 1a5?
2891
In base 8, what is 242133 - -1?
242134
In base 8, what is 15670 + 20?
15710
In base 13, what is -318c4 - -4?
-318c0
In base 9, what is -24232 + 2?
-24230
In base 12, what is 249 + 1969?
1bb6
In base 15, what is 2 - 271c?
-271a
In base 13, what is -14c3 - 13?
-1506
In base 10, what is 2 + -4896?
-4894
In base 5, what is -102112 + 34?
-102023
In base 3, what is -101211100002 + -11?
-101211100020
In base 10, what is 61 + -443?
-382
In base 3, what is 220 - -202211?
210201
In base 14, what is -19c49b + 5?
-19c496
In base 7, what is -44 + 513?
436
In base 6, what is 11 - -155332?
155343
In base 12, what is 295 - -2aa8?
3181
In base 4, what is -2 - 311002210?
-311002212
In base 12, what is -1022 + 16?
-1008
In base 3, what is -121011212022 + -12?
-121011212111
In base 15, what is 45bc + 5?
45c2
In base 2, what is -11001111 - 11010000?
-110011111
In base 12, what is -1ba688 - -4?
-1ba684
In base 5, what is 2410 - -202312?
210222
In base 12, what is -1569 + -1b?
-1588
In base 4, what is 30110002 + -102?
30103300
In base 3, what is -1011120102120 + 10?
-1011120102110
In base 11, what is -40a - 4337?
-4746
In base 9, what is -30 - 1665?
-1705
In base 4, what is 1 - 12231011?
-12231010
In base 7, what is -325362 - -3?
-325356
In base 15, what is 0 + -d5149?
-d5149
In base 6, what is -3 - 155544?
-155551
In base 10, what is -58 + 13286?
13228
In base 11, what is 191 + -485?
-2a4
In base 15, what is 269b - -31?
26cc
In base 6, what is 4 - 3424205?
-3424201
In base 10, what is -11 - -16666?
16655
In base 5, what is 2 - -1211032?
1211034
In base 4, what is -10 + -10030012?
-10030022
In base 7, what is -403041 - 23?
-403064
In base 3, what is 112 + 10222101?
10222220
In base 8, what is 2 + -473627?
-473625
In base 11, what is -1a + 1a80a?
1a7a0
In base 11, what is 5 + -8827?
-8822
In base 3, what is -10 - -1001020012?
1001020002
In base 14, what is -4d + a02?
993
In base 15, what is -7 - 9587b?
-95883
In base 8, what is 271 + -263?
6
In base 12, what is -37 - -35?
-2
In base 14, what is 638 + -30?
608
In base 14, what is dd24 - 27?
dcdb
In base 12, what is a9 - 11a98?
-119ab
In base 16, what is 5 - c2152?
-c214d
In base 11, what is -404 - 707?
-1010
In base 15, what is -4ab + -5b1?
-a6c
In base 9, what is -147325 + -2?
-147327
In base 2, what is -1 - 1101111001011111?
-1101111001100000
In base 14, what is 4 + 1d0a1?
1d0a5
In base 12, what is -27b5b8 + 4?
-27b5b4
In base 5, what is -440333322 - 1?
-440333323
In base 12, what is 1 + -11a641?
-11a640
In base 12, what is 6a151 + -2?
6a14b
In base 4, what is 3201031 - 11?
3201020
In base 14, what is 16 - -1a0?
1b6
In base 6, what is 11205053 + 0?
11205053
In base 13, what is -62 - 22?
-84
In base 14, what is -16 - -a0b?
9d5
In base 5, what is 40203404 - 1?
40203403
In base 6, what is -35 - -4512?
4433
In base 15, what is -288 - 77e?
-a17
In base 3, what is -2210 + -12001?
-21211
In base 11, what is -1226 + -38?
-1263
In base 10, what is -8 + -232161?
-232169
In base 16, what is 52 + 9c42?
9c94
In base 8, what is -241 + -2400?
-2641
In base 11, what is 2 - -176839?
176840
In base 14, what is b7d + 3?
b82
In base 15, what is -e5b + -6?
-e62
In base 16, what is 3e + 94a?
988
In base 2, what is -11001000001111 + -1001?
-11001000011000
In base 8, what is -6726 - 164?
-7112
In base 16, what is 5 + -34d51?
-34d4c
In base 2, what is 10001010111100 + 11110?
10001011011010
In base 7, what is 12650630 + 3?
12650633
In base 5, what is 2204 + 102344?
110103
In base 9, what is -162 - 2756?
-3028
In base 11, what is 5730 + -1?
572a
In base 3, what is -1221220 + 122210?
-1022010
In base 3, what is -1210202112 - 1?
-1210202120
In base 14, what is 748cb3 - 0?
748cb3
In base 11, what is 34a + 1292?
1631
In base 10, what is -30 + -3283?
-3313
In base 9, what is 8674 - 23?
8651
In base 8, what is 2744662 + 5?
2744667
In base 13, what is -10b4 - 4?
-10b8
In base 11, what is 595a + -18?
5942
In base 7, what is -33 - -30464?
30431
In base 5, what is 2140 - 120?
2020
In base 7, what is -5336 + 413?
-4623
In base 8, what is 1 - 10117?
-10116
In base 13, what is -658b9 + -4?
-658c0
In base 3, what is 10 - 100021211?
-100021201
In base 13, what is 9 - 223b?
-2232
In base 5, what is 22134334 + -4?
22134330
In base 13, what is -361 - -119a?
b39
In base 12, what is -1 - -23455?
23454
In base 4, what is 20122130 + -1102?
20121022
In base 10, what is 196 + -909?
-713
In base 12, what is -ab2 - -5?
-aa9
In base 9, what is -18 - 82464?
-82483
In base 2, what is -11001111 + 100010001110100?
100001110100101
In base 7, what is -12 - -165643?
165631
In base 9, what is -56063 - -4?
-56058
In base 4, what is 2321123 + 21?
2321210
In base 12, what is b + -4747?
-4738
In base 3, what is -1 - -21000200?
21000122
In base 3, what is -21 + -1012112210?
-1012120001
In base 8, what is 5 + 11276?
11303
In base 16, what is -13c3 + 2?
-13c1
In base 12, what is 1688 - -73?
173b
In base 9, what is -2084684 - 1?
-2084685
In base 13, what is -177 + -2b6?
-460
In base 6, what is -2 + -12541212?
-12541214
In base 3, what is 1120011200 - 11?
1120011112
In base 3, what is -11 - 2122102200120?
-2122102200201
In base 16, what is 3 + -c12?
-c0f
In base 16, what is 64378 + 2?
6437a
In base 14, what is -701b + 7?
-7014
In base 12, what is 13 + -1912?
-18bb
In base 5, what is 1 + 2010122?
2010123
In base 2, what is -11 - 101100110001101?
-101100110010000
In base 6, what is -4554 - 41?
-5035
In base 11, what is 15 - 3147?
-3